{"id":20,"date":"2024-08-10T15:33:58","date_gmt":"2024-08-10T18:33:58","guid":{"rendered":"https:\/\/vrosario.gob.ar\/vdr\/?page_id=20"},"modified":"2024-09-15T11:47:28","modified_gmt":"2024-09-15T14:47:28","slug":"gabinete-de-gobierno","status":"publish","type":"page","link":"https:\/\/vrosario.gob.ar\/?page_id=20","title":{"rendered":"Gabinete de Gobierno"},"content":{"rendered":"<p>[et_pb_section fb_built=\u00bb1&#8243; fullwidth=\u00bbon\u00bb _builder_version=\u00bb3.19.3&#8243; background_image=\u00bbhttp:\/\/vrosario.gob.ar\/vdr\/wp-content\/uploads\/2024\/08\/62377189_2803265073023802_5990756904291270656_n.jpg\u00bb custom_padding=\u00bb0px|0px|0|0px|false|false\u00bb][et_pb_fullwidth_image _builder_version=\u00bb3.19.3&#8243;][\/et_pb_fullwidth_image][et_pb_fullwidth_header title=\u00bbGABINETE DE GOBIERNO\u00bb text_orientation=\u00bbcenter\u00bb _builder_version=\u00bb3.19.3&#8243; title_font=\u00bb||||||||\u00bb title_text_align=\u00bbcenter\u00bb title_text_color=\u00bb#000000&#8243; title_font_size=\u00bb40px\u00bb background_image=\u00bbhttp:\/\/vrosario.gob.ar\/vdr\/wp-content\/uploads\/2024\/08\/62377189_2803265073023802_5990756904291270656_n.jpg\u00bb background_position=\u00bbcenter_left\u00bb background_blend=\u00bblighten\u00bb text_shadow_style=\u00bbpreset2&#8243; text_shadow_color=\u00bb#000000&#8243;][\/et_pb_fullwidth_header][\/et_pb_section][et_pb_section fb_built=\u00bb1&#8243; admin_label=\u00bbsection\u00bb _builder_version=\u00bb3.0.47&#8243;][et_pb_row custom_padding=\u00bb8px|0px|27px|0px|false|false\u00bb admin_label=\u00bbrow\u00bb _builder_version=\u00bb3.0.48&#8243; background_size=\u00bbinitial\u00bb background_position=\u00bbtop_left\u00bb background_repeat=\u00bbrepeat\u00bb][et_pb_column type=\u00bb4_4&#8243; _builder_version=\u00bb3.0.47&#8243; parallax=\u00bboff\u00bb parallax_method=\u00bbon\u00bb][et_pb_text admin_label=\u00bbText\u00bb _builder_version=\u00bb3.19.3&#8243; background_size=\u00bbinitial\u00bb background_position=\u00bbtop_left\u00bb background_repeat=\u00bbrepeat\u00bb]<\/p>\n<h3><i class=\"fas fa-angle-double-right\"><\/i> PRESIDENTE MUNICIPAL<\/h3>\n<h4><strong>VANINA PERINI<\/strong><\/h4>\n<p>&nbsp;<\/p>\n<h3><i class=\"fas fa-angle-double-right\"><\/i> VICEPRESIDENTE MUNICIPAL<\/h3>\n<h5><strong>ANDR\u00c9S PANOZZO Z\u00c9NERE<\/strong><\/h5>\n<p>&nbsp;<\/p>\n<h4><i class=\"fas fa-angle-double-right\"><\/i> SECRETAR\u00cdA DE GOBIERNO, HACIENDA Y PRODUCCI\u00d3N<\/h4>\n<h5><strong>DIEGO CORTIANA<\/strong><\/h5>\n<p>&nbsp;<\/p>\n<h4><i class=\"fas fa-angle-double-right\"><\/i> SECRETARIA DE OBRAS Y SERVICIOS P\u00daBLICOS<br \/>\nSECRETARIA DE MEDIO AMBIENTE<\/h4>\n<h5><strong>NORBERTO ARCE<\/strong><\/h5>\n<p>&nbsp;<\/p>\n<h5><u>DIRECCI\u00d3N DE DESARROLLO SOCIAL Y HUMANO<\/u><\/h5>\n<p><i class=\"fas fa-angle-double-right\"><\/i> \u00c1REA ACCI\u00d3N SOCIAL: KAREN MARTINEZ<br \/>\n<i class=\"fas fa-angle-double-right\"><\/i>\u00c1REA DISCAPACIDAD: MACARENA FRANCISCONI<br \/>\n<i class=\"fas fa-angle-double-right\"><\/i>\u00c1REA NI\u00d1EZ, ADOLESCENCIA, FAMILIA Y MUJER: PAMELA VELAZCO<br \/>\n<i class=\"fas fa-angle-double-right\"><\/i>DIRECCI\u00d3N DE SALUD: RUBEN GALV\u00c1N<br \/>\n<i class=\"fas fa-angle-double-right\"><\/i>DIRECCI\u00d3N DE DEPORTES: FRANCO DALPR\u00c1<br \/>\n<i class=\"fas fa-angle-double-right\"><\/i>DIRECCI\u00d3N DE CULTURA: JULIANA PERINI<br \/>\n<i class=\"fas fa-angle-double-right\"><\/i>DIRECCI\u00d3N DE TURISMO: JANET BORDIGI\u00d3N<\/p>\n<h5><u>DIRECCION DE HABILITACIONES E INSPECCIONES<\/u><\/h5>\n<p>TR\u00c1NSITO: CAMILA FARIN\u00d3N<br \/>\nSANEAMIENTO, BROMATOLOG\u00cdA Y ZOONOSIS: YANINA DALMAZO<br \/>\nCONSTRUCCI\u00d3N: RODRIGO VILLAGRA<br \/>\nDIRECCI\u00d3N DE FALTAS: PAMELA STIVANELLO[\/et_pb_text][\/et_pb_column][\/et_pb_row][\/et_pb_section]<\/p>\n","protected":false},"excerpt":{"rendered":"<p>[et_pb_section fb_built=\u00bb1&#8243; fullwidth=\u00bbon\u00bb _builder_version=\u00bb3.19.3&#8243; background_image=\u00bbhttp:\/\/vrosario.gob.ar\/vdr\/wp-content\/uploads\/2024\/08\/62377189_2803265073023802_5990756904291270656_n.jpg\u00bb custom_padding=\u00bb0px|0px|0|0px|false|false\u00bb][et_pb_fullwidth_image _builder_version=\u00bb3.19.3&#8243;][\/et_pb_fullwidth_image][et_pb_fullwidth_header title=\u00bbGABINETE DE GOBIERNO\u00bb text_orientation=\u00bbcenter\u00bb _builder_version=\u00bb3.19.3&#8243; title_font=\u00bb||||||||\u00bb title_text_align=\u00bbcenter\u00bb title_text_color=\u00bb#000000&#8243; title_font_size=\u00bb40px\u00bb background_image=\u00bbhttp:\/\/vrosario.gob.ar\/vdr\/wp-content\/uploads\/2024\/08\/62377189_2803265073023802_5990756904291270656_n.jpg\u00bb background_position=\u00bbcenter_left\u00bb background_blend=\u00bblighten\u00bb text_shadow_style=\u00bbpreset2&#8243; text_shadow_color=\u00bb#000000&#8243;][\/et_pb_fullwidth_header][\/et_pb_section][et_pb_section fb_built=\u00bb1&#8243; admin_label=\u00bbsection\u00bb _builder_version=\u00bb3.0.47&#8243;][et_pb_row custom_padding=\u00bb8px|0px|27px|0px|false|false\u00bb admin_label=\u00bbrow\u00bb _builder_version=\u00bb3.0.48&#8243; background_size=\u00bbinitial\u00bb background_position=\u00bbtop_left\u00bb background_repeat=\u00bbrepeat\u00bb][et_pb_column type=\u00bb4_4&#8243; _builder_version=\u00bb3.0.47&#8243; parallax=\u00bboff\u00bb parallax_method=\u00bbon\u00bb][et_pb_text admin_label=\u00bbText\u00bb _builder_version=\u00bb3.19.3&#8243; background_size=\u00bbinitial\u00bb background_position=\u00bbtop_left\u00bb background_repeat=\u00bbrepeat\u00bb] PRESIDENTE MUNICIPAL VANINA PERINI &nbsp; VICEPRESIDENTE MUNICIPAL ANDR\u00c9S PANOZZO Z\u00c9NERE &nbsp; SECRETAR\u00cdA DE GOBIERNO, HACIENDA Y [&hellip;]<\/p>\n","protected":false},"author":1,"featured_media":0,"parent":0,"menu_order":0,"comment_status":"closed","ping_status":"closed","template":"","meta":{"_et_pb_use_builder":"on","_et_pb_old_content":"<h3>PRESIDENTE MUNICIPAL<\/h3>\n<h4><strong>VANINA PERINI<\/strong><\/h4>\n<p><\/p>\n<h4>VICEPRESIDENTE MUNICIPAL<\/h4>\n<h5><strong>ANDR\u00c9S PANOZZO Z\u00c9NERE<\/strong><\/h5>\n<p><\/p>\n<h4>SECRETAR\u00cdA DE GOBIERNO, HACIENDA Y PRODUCCI\u00d3N<\/h4>\n<h5><strong>DIEGO CORTIANA<\/strong><\/h5>\n<p><\/p>\n<h4>SECRETARIA DE OBRAS Y SERVICIOS P\u00daBLICOS\nSECRETARIA DE MEDIO AMBIENTE<\/h4>\n<h5><strong>NORBERTO ARCE<\/strong><\/h5>\n<p><\/p>\n<h5><u>DIRECCI\u00d3N DE DESARROLLO SOCIAL Y HUMANO<\/u><\/h5>\n\u00c1REA ACCI\u00d3N SOCIAL: KAREN MARTINEZ\n\u00c1REA DISCAPACIDAD: MACARENA FRANCISCONI\n\u00c1REA NI\u00d1EZ, ADOLESCENCIA, FAMILIA Y MUJER: PAMELA VELAZCO\nDIRECCI\u00d3N DE SALUD: RUBEN GALV\u00c1N\nDIRECCI\u00d3N DE DEPORTES: FRANCO DALPR\u00c1\nDIRECCI\u00d3N DE CULTURA: JULIANA PERINI\nDIRECCI\u00d3N DE TURISMO: JANET BORDIGI\u00d3N\n<p><\/p>\n<h5><u>DIRECCION DE HABILITACIONES E INSPECCIONES<\/u><\/h5>\nTR\u00c1NSITO: CAMILA FARIN\u00d3N\nSANEAMIENTO, BROMATOLOG\u00cdA Y ZOONOSIS: YANINA DALMAZO\nCONSTRUCCI\u00d3N: RODRIGO VILLAGRA\nDIRECCI\u00d3N DE FALTAS: PAMELA STIVANELLO","footnotes":""},"class_list":["post-20","page","type-page","status-publish","hentry"],"_links":{"self":[{"href":"https:\/\/vrosario.gob.ar\/index.php?rest_route=\/wp\/v2\/pages\/20"}],"collection":[{"href":"https:\/\/vrosario.gob.ar\/index.php?rest_route=\/wp\/v2\/pages"}],"about":[{"href":"https:\/\/vrosario.gob.ar\/index.php?rest_route=\/wp\/v2\/types\/page"}],"author":[{"embeddable":true,"href":"https:\/\/vrosario.gob.ar\/index.php?rest_route=\/wp\/v2\/users\/1"}],"replies":[{"embeddable":true,"href":"https:\/\/vrosario.gob.ar\/index.php?rest_route=%2Fwp%2Fv2%2Fcomments&post=20"}],"version-history":[{"count":15,"href":"https:\/\/vrosario.gob.ar\/index.php?rest_route=\/wp\/v2\/pages\/20\/revisions"}],"predecessor-version":[{"id":485,"href":"https:\/\/vrosario.gob.ar\/index.php?rest_route=\/wp\/v2\/pages\/20\/revisions\/485"}],"wp:attachment":[{"href":"https:\/\/vrosario.gob.ar\/index.php?rest_route=%2Fwp%2Fv2%2Fmedia&parent=20"}],"curies":[{"name":"wp","href":"https:\/\/api.w.org\/{rel}","templated":true}]}}