{"id":457,"date":"2024-09-15T11:11:56","date_gmt":"2024-09-15T14:11:56","guid":{"rendered":"https:\/\/vrosario.gob.ar\/vdr\/?page_id=457"},"modified":"2024-10-02T11:05:22","modified_gmt":"2024-10-02T14:05:22","slug":"discapacidad","status":"publish","type":"page","link":"https:\/\/vrosario.gob.ar\/?page_id=457","title":{"rendered":"Discapacidad"},"content":{"rendered":"<p>[et_pb_section fb_built=\u00bb1&#8243; _builder_version=\u00bb3.19.3&#8243; background_color=\u00bb#444444&#8243; custom_padding=\u00bb13px|0px|10px|0px|false|false\u00bb][et_pb_row _builder_version=\u00bb3.19.3&#8243;][et_pb_column type=\u00bb4_4&#8243; _builder_version=\u00bb3.19.3&#8243; parallax=\u00bboff\u00bb parallax_method=\u00bbon\u00bb][et_pb_text _builder_version=\u00bb3.19.3&#8243; header_font=\u00bb||||||||\u00bb header_text_color=\u00bb#ffffff\u00bb]<\/p>\n<h1 style=\"text-align: center;\"><span style=\"color: #ee7d17;\">\u00c1REA DISCAPACIDAD<\/span><\/h1>\n<p>[\/et_pb_text][\/et_pb_column][\/et_pb_row][\/et_pb_section][et_pb_section fb_built=\u00bb1&#8243; _builder_version=\u00bb3.19.3&#8243;][et_pb_row _builder_version=\u00bb3.19.3&#8243;][et_pb_column type=\u00bb4_4&#8243; _builder_version=\u00bb3.19.3&#8243; parallax=\u00bboff\u00bb parallax_method=\u00bbon\u00bb][et_pb_text _builder_version=\u00bb3.19.3&#8243; text_font=\u00bb||||||||\u00bb text_font_size=\u00bb18px\u00bb text_line_height=\u00bb1.8em\u00bb]\u00c1REA DISCAPACIDAD<\/p>\n<p><i class=\"fas fa-user-circle\"><\/i> Responsable: MACARENA FRANCISCONI<br \/>\n<i class=\"fas fa-store-alt\"><\/i> Direcci\u00f3n: Cepeda 60<br \/>\n<i class=\"fas fa-phone-alt\"><\/i> Tel\u00e9fono: 3456 &#8211; 621331<br \/>\n<i class=\"fas fa-envelope-open\"><\/i> Correo: discapacidad.villadelrosario@gmail.com<br \/>\n<i class=\"fas fa-clock\"><\/i> Horario Atenci\u00f3n: Lunes a viernes: 07:00 a 12:00<br \/>\n[\/et_pb_text][\/et_pb_column][\/et_pb_row][\/et_pb_section]<\/p>\n","protected":false},"excerpt":{"rendered":"<p>[et_pb_section fb_built=\u00bb1&#8243; _builder_version=\u00bb3.19.3&#8243; background_color=\u00bb#444444&#8243; custom_padding=\u00bb13px|0px|10px|0px|false|false\u00bb][et_pb_row _builder_version=\u00bb3.19.3&#8243;][et_pb_column type=\u00bb4_4&#8243; _builder_version=\u00bb3.19.3&#8243; parallax=\u00bboff\u00bb parallax_method=\u00bbon\u00bb][et_pb_text _builder_version=\u00bb3.19.3&#8243; header_font=\u00bb||||||||\u00bb header_text_color=\u00bb#ffffff\u00bb] \u00c1REA DISCAPACIDAD [\/et_pb_text][\/et_pb_column][\/et_pb_row][\/et_pb_section][et_pb_section fb_built=\u00bb1&#8243; _builder_version=\u00bb3.19.3&#8243;][et_pb_row _builder_version=\u00bb3.19.3&#8243;][et_pb_column type=\u00bb4_4&#8243; _builder_version=\u00bb3.19.3&#8243; parallax=\u00bboff\u00bb parallax_method=\u00bbon\u00bb][et_pb_text _builder_version=\u00bb3.19.3&#8243; text_font=\u00bb||||||||\u00bb text_font_size=\u00bb18px\u00bb text_line_height=\u00bb1.8em\u00bb]\u00c1REA DISCAPACIDAD Responsable: MACARENA FRANCISCONI Direcci\u00f3n: Cepeda 60 Tel\u00e9fono: 3456 &#8211; 621331 Correo: discapacidad.villadelrosario@gmail.com Horario Atenci\u00f3n: Lunes a viernes: 07:00 a 12:00 [\/et_pb_text][\/et_pb_column][\/et_pb_row][\/et_pb_section]<\/p>\n","protected":false},"author":1,"featured_media":0,"parent":0,"menu_order":0,"comment_status":"closed","ping_status":"closed","template":"","meta":{"_et_pb_use_builder":"on","_et_pb_old_content":"","footnotes":""},"class_list":["post-457","page","type-page","status-publish","hentry"],"_links":{"self":[{"href":"https:\/\/vrosario.gob.ar\/index.php?rest_route=\/wp\/v2\/pages\/457"}],"collection":[{"href":"https:\/\/vrosario.gob.ar\/index.php?rest_route=\/wp\/v2\/pages"}],"about":[{"href":"https:\/\/vrosario.gob.ar\/index.php?rest_route=\/wp\/v2\/types\/page"}],"author":[{"embeddable":true,"href":"https:\/\/vrosario.gob.ar\/index.php?rest_route=\/wp\/v2\/users\/1"}],"replies":[{"embeddable":true,"href":"https:\/\/vrosario.gob.ar\/index.php?rest_route=%2Fwp%2Fv2%2Fcomments&post=457"}],"version-history":[{"count":8,"href":"https:\/\/vrosario.gob.ar\/index.php?rest_route=\/wp\/v2\/pages\/457\/revisions"}],"predecessor-version":[{"id":876,"href":"https:\/\/vrosario.gob.ar\/index.php?rest_route=\/wp\/v2\/pages\/457\/revisions\/876"}],"wp:attachment":[{"href":"https:\/\/vrosario.gob.ar\/index.php?rest_route=%2Fwp%2Fv2%2Fmedia&parent=457"}],"curies":[{"name":"wp","href":"https:\/\/api.w.org\/{rel}","templated":true}]}}

<p>[et_pb_section fb_built=»1&#8243; _builder_version=»3.19.3&#8243; background_color=»#444444&#8243; custom_padding=»13px|0px|10px|0px|false|false»][et_pb_row _builder_version=»3.19.3&#8243;][et_pb_column type=»4_4&#8243; _builder_version=»3.19.3&#8243; parallax=»off» parallax_method=»on»][et_pb_text _builder_version=»3.19.3&#8243; header_font=»||||||||» header_text_color=»#ffffff»]</p>
<h1 style="text-align: center;"><span style="color: #ee7d17;">ÁREA DISCAPACIDAD</span></h1>
<p>[/et_pb_text][/et_pb_column][/et_pb_row][/et_pb_section][et_pb_section fb_built=»1&#8243; _builder_version=»3.19.3&#8243;][et_pb_row _builder_version=»3.19.3&#8243;][et_pb_column type=»4_4&#8243; _builder_version=»3.19.3&#8243; parallax=»off» parallax_method=»on»][et_pb_text _builder_version=»3.19.3&#8243; text_font=»||||||||» text_font_size=»18px» text_line_height=»1.8em»]ÁREA DISCAPACIDAD</p>
<p><i class="fas fa-user-circle"></i> Responsable: MACARENA FRANCISCONI<br />
<i class="fas fa-store-alt"></i> Dirección: Cepeda 60<br />
<i class="fas fa-phone-alt"></i> Teléfono: 3456 &#8211; 621331<br />
<i class="fas fa-envelope-open"></i> Correo: discapacidad.villadelrosario@gmail.com<br />
<i class="fas fa-clock"></i> Horario Atención: Lunes a viernes: 07:00 a 12:00<br />
[/et_pb_text][/et_pb_column][/et_pb_row][/et_pb_section]</p>

<p>[et_pb_section fb_built=»1&#8243; _builder_version=»3.19.3&#8243; background_color=»#444444&#8243; custom_padding=»13px|0px|10px|0px|false|false»][et_pb_row _builder_version=»3.19.3&#8243;][et_pb_column type=»4_4&#8243; _builder_version=»3.19.3&#8243; parallax=»off» parallax_method=»on»][et_pb_text _builder_version=»3.19.3&#8243; header_font=»||||||||» header_text_color=»#ffffff»] ÁREA DISCAPACIDAD [/et_pb_text][/et_pb_column][/et_pb_row][/et_pb_section][et_pb_section fb_built=»1&#8243; _builder_version=»3.19.3&#8243;][et_pb_row _builder_version=»3.19.3&#8243;][et_pb_column type=»4_4&#8243; _builder_version=»3.19.3&#8243; parallax=»off» parallax_method=»on»][et_pb_text _builder_version=»3.19.3&#8243; text_font=»||||||||» text_font_size=»18px» text_line_height=»1.8em»]ÁREA DISCAPACIDAD Responsable: MACARENA FRANCISCONI Dirección: Cepeda 60 Teléfono: 3456 &#8211; 621331 Correo: discapacidad.villadelrosario@gmail.com Horario Atención: Lunes a viernes: 07:00 a 12:00 [/et_pb_text][/et_pb_column][/et_pb_row][/et_pb_section]</p>
